{"id":10829,"date":"2023-08-06T23:41:10","date_gmt":"2023-08-06T20:41:10","guid":{"rendered":"https:\/\/nulu.ee\/toode\/cubrepanal-de-lana-organica\/"},"modified":"2024-07-03T01:00:45","modified_gmt":"2024-07-02T22:00:45","slug":"funda-suave-de-lana-organica","status":"publish","type":"product","link":"https:\/\/nulu.ee\/es\/toode\/funda-suave-de-lana-organica\/","title":{"rendered":"Cubrepa\u00f1al de lana org\u00e1nica"},"content":{"rendered":"<p>Este cubrepa\u00f1al de lana de cordero est\u00e1 fabricado con un tejido de lana muy especial y \u00fanico en su estructura y propiedades. Este tejido tiene propiedades hidrof\u00f3bicas naturales, por lo que los cubrepa\u00f1ales Nulu repelen la humedad y los l\u00edquidos (no son a prueba de fugas) incluso sin remojarlos en agua con lanolina. Adem\u00e1s, la funda de lana es transpirable y regula la temperatura, por lo que es adecuada para su uso tanto en verano como en invierno, garantizando comodidad y bienestar al beb\u00e9 durante todo el d\u00eda. Las fundas tambi\u00e9n tienen propiedades antibacterianas y autolimpiantes inherentes a la lana natural.<\/p>\n<p>Las fundas de lana est\u00e1n disponibles en una sola talla, adecuada para beb\u00e9s de 5 kg a 13 kg. La funda se puede ajustar seg\u00fan la estructura corporal y el peso del beb\u00e9 con el velcro.<\/p>\n<div><b>Mantenimiento<\/b><\/div>\n<div><strong>No es necesario<\/strong> remojar las fundas en agua con lanolina antes de usarlas, pero se vuelven m\u00e1s suaves despu\u00e9s del primer lavado. Simplemente deja que las fundas se ventilen entre usos.<\/div>\n<div><b>Lavado a mano<\/b> suave a 30\u00b0 o <b>programa especial de lavado de lana<\/b> con un producto de lana.<\/div>\n<div><\/div>\n<div>\n<div><b>Composici\u00f3n<\/b><\/div>\n<div>100% lana de oveja org\u00e1nica (GOTS)<\/div>\n<div>Libre de crueldad<\/div>\n<div><\/div>\n<\/div>\n<div><b>Obra.<\/b><br \/>\nHecho con mucho amor en Estonia.<\/div>\n<div><\/div>\n<div><\/div>\n","protected":false},"excerpt":{"rendered":"<p>Este cubrepa\u00f1al de lana de cordero est\u00e1 fabricado con un tejido de lana muy especial y \u00fanico en su estructura<\/p>\n","protected":false},"featured_media":10830,"comment_status":"open","ping_status":"closed","template":"","meta":[],"product_brand":[],"product_cat":[212],"product_tag":[249,250,251,253,252,248],"class_list":{"0":"post-10829","1":"product","2":"type-product","3":"status-publish","4":"has-post-thumbnail","6":"product_cat-cubrepanales-de-lana-merino","7":"product_tag-funda-para-panales","8":"product_tag-lana-de-oveja","9":"product_tag-leve","10":"product_tag-natural-es-2","11":"product_tag-organico","12":"product_tag-panales-de-tela","14":"first","15":"instock","16":"shipping-taxable","17":"purchasable","18":"product-type-variable"},"yoast_head":"<!-- This site is optimized with the Yoast SEO plugin v27.5 - https:\/\/yoast.com\/product\/yoast-seo-wordpress\/ -->\n<title>Cubrepa\u00f1al de lana org\u00e1nica - Nulu<\/title>\n<meta name=\"robots\" content=\"index, follow, max-snippet:-1, max-image-preview:large, max-video-preview:-1\" \/>\n<link rel=\"canonical\" href=\"https:\/\/nulu.ee\/es\/toode\/funda-suave-de-lana-organica\/\" \/>\n<meta property=\"og:locale\" content=\"es_ES\" \/>\n<meta property=\"og:type\" content=\"article\" \/>\n<meta property=\"og:title\" content=\"Cubrepa\u00f1al de lana org\u00e1nica - Nulu\" \/>\n<meta property=\"og:description\" content=\"Este cubrepa\u00f1al de lana de cordero est\u00e1 fabricado con un tejido de lana muy especial y \u00fanico en su estructura\" \/>\n<meta property=\"og:url\" content=\"https:\/\/nulu.ee\/es\/toode\/funda-suave-de-lana-organica\/\" \/>\n<meta property=\"og:site_name\" content=\"Nulu\" \/>\n<meta property=\"article:modified_time\" content=\"2024-07-02T22:00:45+00:00\" \/>\n<meta property=\"og:image\" content=\"https:\/\/nulu.ee\/wp-content\/uploads\/2023\/08\/364417256_856383912823542_8359331585356088183_n.jpg\" \/>\n\t<meta property=\"og:image:width\" content=\"1290\" \/>\n\t<meta property=\"og:image:height\" content=\"1290\" \/>\n\t<meta property=\"og:image:type\" content=\"image\/jpeg\" \/>\n<meta name=\"twitter:card\" content=\"summary_large_image\" \/>\n<meta name=\"twitter:label1\" content=\"Tiempo de lectura\" \/>\n\t<meta name=\"twitter:data1\" content=\"1 minuto\" \/>\n<script type=\"application\/ld+json\" class=\"yoast-schema-graph\">{\"@context\":\"https:\\\/\\\/schema.org\",\"@graph\":[{\"@type\":\"WebPage\",\"@id\":\"https:\\\/\\\/nulu.ee\\\/es\\\/toode\\\/funda-suave-de-lana-organica\\\/\",\"url\":\"https:\\\/\\\/nulu.ee\\\/es\\\/toode\\\/funda-suave-de-lana-organica\\\/\",\"name\":\"Cubrepa\u00f1al de lana org\u00e1nica - Nulu\",\"isPartOf\":{\"@id\":\"https:\\\/\\\/nulu.ee\\\/es\\\/#website\"},\"primaryImageOfPage\":{\"@id\":\"https:\\\/\\\/nulu.ee\\\/es\\\/toode\\\/funda-suave-de-lana-organica\\\/#primaryimage\"},\"image\":{\"@id\":\"https:\\\/\\\/nulu.ee\\\/es\\\/toode\\\/funda-suave-de-lana-organica\\\/#primaryimage\"},\"thumbnailUrl\":\"https:\\\/\\\/nulu.ee\\\/wp-content\\\/uploads\\\/2023\\\/08\\\/364417256_856383912823542_8359331585356088183_n.jpg\",\"datePublished\":\"2023-08-06T20:41:10+00:00\",\"dateModified\":\"2024-07-02T22:00:45+00:00\",\"breadcrumb\":{\"@id\":\"https:\\\/\\\/nulu.ee\\\/es\\\/toode\\\/funda-suave-de-lana-organica\\\/#breadcrumb\"},\"inLanguage\":\"es\",\"potentialAction\":[{\"@type\":\"ReadAction\",\"target\":[\"https:\\\/\\\/nulu.ee\\\/es\\\/toode\\\/funda-suave-de-lana-organica\\\/\"]}]},{\"@type\":\"ImageObject\",\"inLanguage\":\"es\",\"@id\":\"https:\\\/\\\/nulu.ee\\\/es\\\/toode\\\/funda-suave-de-lana-organica\\\/#primaryimage\",\"url\":\"https:\\\/\\\/nulu.ee\\\/wp-content\\\/uploads\\\/2023\\\/08\\\/364417256_856383912823542_8359331585356088183_n.jpg\",\"contentUrl\":\"https:\\\/\\\/nulu.ee\\\/wp-content\\\/uploads\\\/2023\\\/08\\\/364417256_856383912823542_8359331585356088183_n.jpg\",\"width\":1290,\"height\":1290},{\"@type\":\"BreadcrumbList\",\"@id\":\"https:\\\/\\\/nulu.ee\\\/es\\\/toode\\\/funda-suave-de-lana-organica\\\/#breadcrumb\",\"itemListElement\":[{\"@type\":\"ListItem\",\"position\":1,\"name\":\"Home\",\"item\":\"https:\\\/\\\/nulu.ee\\\/es\\\/\"},{\"@type\":\"ListItem\",\"position\":2,\"name\":\"Tienda\",\"item\":\"https:\\\/\\\/nulu.ee\\\/es\\\/tienda\\\/\"},{\"@type\":\"ListItem\",\"position\":3,\"name\":\"Cubrepa\u00f1al de lana org\u00e1nica\"}]},{\"@type\":\"WebSite\",\"@id\":\"https:\\\/\\\/nulu.ee\\\/es\\\/#website\",\"url\":\"https:\\\/\\\/nulu.ee\\\/es\\\/\",\"name\":\"Nulu\",\"description\":\"\",\"publisher\":{\"@id\":\"https:\\\/\\\/nulu.ee\\\/es\\\/#organization\"},\"potentialAction\":[{\"@type\":\"SearchAction\",\"target\":{\"@type\":\"EntryPoint\",\"urlTemplate\":\"https:\\\/\\\/nulu.ee\\\/es\\\/?s={search_term_string}\"},\"query-input\":{\"@type\":\"PropertyValueSpecification\",\"valueRequired\":true,\"valueName\":\"search_term_string\"}}],\"inLanguage\":\"es\"},{\"@type\":\"Organization\",\"@id\":\"https:\\\/\\\/nulu.ee\\\/es\\\/#organization\",\"name\":\"Nulu\",\"url\":\"https:\\\/\\\/nulu.ee\\\/es\\\/\",\"logo\":{\"@type\":\"ImageObject\",\"inLanguage\":\"es\",\"@id\":\"https:\\\/\\\/nulu.ee\\\/es\\\/#\\\/schema\\\/logo\\\/image\\\/\",\"url\":\"https:\\\/\\\/nulu.ee\\\/wp-content\\\/uploads\\\/2022\\\/09\\\/NULU-logo.png\",\"contentUrl\":\"https:\\\/\\\/nulu.ee\\\/wp-content\\\/uploads\\\/2022\\\/09\\\/NULU-logo.png\",\"width\":150,\"height\":150,\"caption\":\"Nulu\"},\"image\":{\"@id\":\"https:\\\/\\\/nulu.ee\\\/es\\\/#\\\/schema\\\/logo\\\/image\\\/\"}}]}<\/script>\n<!-- \/ Yoast SEO plugin. -->","yoast_head_json":{"title":"Cubrepa\u00f1al de lana org\u00e1nica - Nulu","robots":{"index":"index","follow":"follow","max-snippet":"max-snippet:-1","max-image-preview":"max-image-preview:large","max-video-preview":"max-video-preview:-1"},"canonical":"https:\/\/nulu.ee\/es\/toode\/funda-suave-de-lana-organica\/","og_locale":"es_ES","og_type":"article","og_title":"Cubrepa\u00f1al de lana org\u00e1nica - Nulu","og_description":"Este cubrepa\u00f1al de lana de cordero est\u00e1 fabricado con un tejido de lana muy especial y \u00fanico en su estructura","og_url":"https:\/\/nulu.ee\/es\/toode\/funda-suave-de-lana-organica\/","og_site_name":"Nulu","article_modified_time":"2024-07-02T22:00:45+00:00","og_image":[{"width":1290,"height":1290,"url":"https:\/\/nulu.ee\/wp-content\/uploads\/2023\/08\/364417256_856383912823542_8359331585356088183_n.jpg","type":"image\/jpeg"}],"twitter_card":"summary_large_image","twitter_misc":{"Tiempo de lectura":"1 minuto"},"schema":{"@context":"https:\/\/schema.org","@graph":[{"@type":"WebPage","@id":"https:\/\/nulu.ee\/es\/toode\/funda-suave-de-lana-organica\/","url":"https:\/\/nulu.ee\/es\/toode\/funda-suave-de-lana-organica\/","name":"Cubrepa\u00f1al de lana org\u00e1nica - Nulu","isPartOf":{"@id":"https:\/\/nulu.ee\/es\/#website"},"primaryImageOfPage":{"@id":"https:\/\/nulu.ee\/es\/toode\/funda-suave-de-lana-organica\/#primaryimage"},"image":{"@id":"https:\/\/nulu.ee\/es\/toode\/funda-suave-de-lana-organica\/#primaryimage"},"thumbnailUrl":"https:\/\/nulu.ee\/wp-content\/uploads\/2023\/08\/364417256_856383912823542_8359331585356088183_n.jpg","datePublished":"2023-08-06T20:41:10+00:00","dateModified":"2024-07-02T22:00:45+00:00","breadcrumb":{"@id":"https:\/\/nulu.ee\/es\/toode\/funda-suave-de-lana-organica\/#breadcrumb"},"inLanguage":"es","potentialAction":[{"@type":"ReadAction","target":["https:\/\/nulu.ee\/es\/toode\/funda-suave-de-lana-organica\/"]}]},{"@type":"ImageObject","inLanguage":"es","@id":"https:\/\/nulu.ee\/es\/toode\/funda-suave-de-lana-organica\/#primaryimage","url":"https:\/\/nulu.ee\/wp-content\/uploads\/2023\/08\/364417256_856383912823542_8359331585356088183_n.jpg","contentUrl":"https:\/\/nulu.ee\/wp-content\/uploads\/2023\/08\/364417256_856383912823542_8359331585356088183_n.jpg","width":1290,"height":1290},{"@type":"BreadcrumbList","@id":"https:\/\/nulu.ee\/es\/toode\/funda-suave-de-lana-organica\/#breadcrumb","itemListElement":[{"@type":"ListItem","position":1,"name":"Home","item":"https:\/\/nulu.ee\/es\/"},{"@type":"ListItem","position":2,"name":"Tienda","item":"https:\/\/nulu.ee\/es\/tienda\/"},{"@type":"ListItem","position":3,"name":"Cubrepa\u00f1al de lana org\u00e1nica"}]},{"@type":"WebSite","@id":"https:\/\/nulu.ee\/es\/#website","url":"https:\/\/nulu.ee\/es\/","name":"Nulu","description":"","publisher":{"@id":"https:\/\/nulu.ee\/es\/#organization"},"potentialAction":[{"@type":"SearchAction","target":{"@type":"EntryPoint","urlTemplate":"https:\/\/nulu.ee\/es\/?s={search_term_string}"},"query-input":{"@type":"PropertyValueSpecification","valueRequired":true,"valueName":"search_term_string"}}],"inLanguage":"es"},{"@type":"Organization","@id":"https:\/\/nulu.ee\/es\/#organization","name":"Nulu","url":"https:\/\/nulu.ee\/es\/","logo":{"@type":"ImageObject","inLanguage":"es","@id":"https:\/\/nulu.ee\/es\/#\/schema\/logo\/image\/","url":"https:\/\/nulu.ee\/wp-content\/uploads\/2022\/09\/NULU-logo.png","contentUrl":"https:\/\/nulu.ee\/wp-content\/uploads\/2022\/09\/NULU-logo.png","width":150,"height":150,"caption":"Nulu"},"image":{"@id":"https:\/\/nulu.ee\/es\/#\/schema\/logo\/image\/"}}]}},"jetpack_sharing_enabled":true,"_links":{"self":[{"href":"https:\/\/nulu.ee\/es\/wp-json\/wp\/v2\/product\/10829","targetHints":{"allow":["GET"]}}],"collection":[{"href":"https:\/\/nulu.ee\/es\/wp-json\/wp\/v2\/product"}],"about":[{"href":"https:\/\/nulu.ee\/es\/wp-json\/wp\/v2\/types\/product"}],"replies":[{"embeddable":true,"href":"https:\/\/nulu.ee\/es\/wp-json\/wp\/v2\/comments?post=10829"}],"version-history":[{"count":0,"href":"https:\/\/nulu.ee\/es\/wp-json\/wp\/v2\/product\/10829\/revisions"}],"wp:featuredmedia":[{"embeddable":true,"href":"https:\/\/nulu.ee\/es\/wp-json\/wp\/v2\/media\/10830"}],"wp:attachment":[{"href":"https:\/\/nulu.ee\/es\/wp-json\/wp\/v2\/media?parent=10829"}],"wp:term":[{"taxonomy":"product_brand","embeddable":true,"href":"https:\/\/nulu.ee\/es\/wp-json\/wp\/v2\/product_brand?post=10829"},{"taxonomy":"product_cat","embeddable":true,"href":"https:\/\/nulu.ee\/es\/wp-json\/wp\/v2\/product_cat?post=10829"},{"taxonomy":"product_tag","embeddable":true,"href":"https:\/\/nulu.ee\/es\/wp-json\/wp\/v2\/product_tag?post=10829"}],"curies":[{"name":"wp","href":"https:\/\/api.w.org\/{rel}","templated":true}]}}

Cubrepañal de lana orgánica

<p>Este cubrepañal de lana de cordero está fabricado con un tejido de lana muy especial y único en su estructura y propiedades. Este tejido tiene propiedades hidrofóbicas naturales, por lo que los cubrepañales Nulu repelen la humedad y los líquidos (no son a prueba de fugas) incluso sin remojarlos en agua con lanolina. Además, la funda de lana es transpirable y regula la temperatura, por lo que es adecuada para su uso tanto en verano como en invierno, garantizando comodidad y bienestar al bebé durante todo el día. Las fundas también tienen propiedades antibacterianas y autolimpiantes inherentes a la lana natural.</p>
<p>Las fundas de lana están disponibles en una sola talla, adecuada para bebés de 5 kg a 13 kg. La funda se puede ajustar según la estructura corporal y el peso del bebé con el velcro.</p>
<div><b>Mantenimiento</b></div>
<div><strong>No es necesario</strong> remojar las fundas en agua con lanolina antes de usarlas, pero se vuelven más suaves después del primer lavado. Simplemente deja que las fundas se ventilen entre usos.</div>
<div><b>Lavado a mano</b> suave a 30° o <b>programa especial de lavado de lana</b> con un producto de lana.</div>
<div></div>
<div>
<div><b>Composición</b></div>
<div>100% lana de oveja orgánica (GOTS)</div>
<div>Libre de crueldad</div>
<div></div>
</div>
<div><b>Obra.</b><br />
Hecho con mucho amor en Estonia.</div>
<div></div>
<div></div>

<p>Este cubrepañal de lana de cordero está fabricado con un tejido de lana muy especial y único en su estructura</p>

<!-- This site is optimized with the Yoast SEO plugin v27.5 - https://yoast.com/product/yoast-seo-wordpress/ -->
<title>Cubrepañal de lana orgánica - Nulu</title>
<meta name="robots" content="index, follow, max-snippet:-1, max-image-preview:large, max-video-preview:-1" />
<link rel="canonical" href="https://nulu.ee/es/toode/funda-suave-de-lana-organica/" />
<meta property="og:locale" content="es_ES" />
<meta property="og:type" content="article" />
<meta property="og:title" content="Cubrepañal de lana orgánica - Nulu" />
<meta property="og:description" content="Este cubrepañal de lana de cordero está fabricado con un tejido de lana muy especial y único en su estructura" />
<meta property="og:url" content="https://nulu.ee/es/toode/funda-suave-de-lana-organica/" />
<meta property="og:site_name" content="Nulu" />
<meta property="article:modified_time" content="2024-07-02T22:00:45+00:00" />
<meta property="og:image" content="https://nulu.ee/wp-content/uploads/2023/08/364417256_856383912823542_8359331585356088183_n.jpg" />
	<meta property="og:image:width" content="1290" />
	<meta property="og:image:height" content="1290" />
	<meta property="og:image:type" content="image/jpeg" />
<meta name="twitter:card" content="summary_large_image" />
<meta name="twitter:label1" content="Tiempo de lectura" />
	<meta name="twitter:data1" content="1 minuto" />
<script type="application/ld+json" class="yoast-schema-graph">{"@context":"https:\/\/schema.org","@graph":[{"@type":"WebPage","@id":"https:\/\/nulu.ee\/es\/toode\/funda-suave-de-lana-organica\/","url":"https:\/\/nulu.ee\/es\/toode\/funda-suave-de-lana-organica\/","name":"Cubrepañal de lana orgánica - Nulu","isPartOf":{"@id":"https:\/\/nulu.ee\/es\/#website"},"primaryImageOfPage":{"@id":"https:\/\/nulu.ee\/es\/toode\/funda-suave-de-lana-organica\/#primaryimage"},"image":{"@id":"https:\/\/nulu.ee\/es\/toode\/funda-suave-de-lana-organica\/#primaryimage"},"thumbnailUrl":"https:\/\/nulu.ee\/wp-content\/uploads\/2023\/08\/364417256_856383912823542_8359331585356088183_n.jpg","datePublished":"2023-08-06T20:41:10+00:00","dateModified":"2024-07-02T22:00:45+00:00","breadcrumb":{"@id":"https:\/\/nulu.ee\/es\/toode\/funda-suave-de-lana-organica\/#breadcrumb"},"inLanguage":"es","potentialAction":[{"@type":"ReadAction","target":["https:\/\/nulu.ee\/es\/toode\/funda-suave-de-lana-organica\/"]}]},{"@type":"ImageObject","inLanguage":"es","@id":"https:\/\/nulu.ee\/es\/toode\/funda-suave-de-lana-organica\/#primaryimage","url":"https:\/\/nulu.ee\/wp-content\/uploads\/2023\/08\/364417256_856383912823542_8359331585356088183_n.jpg","contentUrl":"https:\/\/nulu.ee\/wp-content\/uploads\/2023\/08\/364417256_856383912823542_8359331585356088183_n.jpg","width":1290,"height":1290},{"@type":"BreadcrumbList","@id":"https:\/\/nulu.ee\/es\/toode\/funda-suave-de-lana-organica\/#breadcrumb","itemListElement":[{"@type":"ListItem","position":1,"name":"Home","item":"https:\/\/nulu.ee\/es\/"},{"@type":"ListItem","position":2,"name":"Tienda","item":"https:\/\/nulu.ee\/es\/tienda\/"},{"@type":"ListItem","position":3,"name":"Cubrepañal de lana orgánica"}]},{"@type":"WebSite","@id":"https:\/\/nulu.ee\/es\/#website","url":"https:\/\/nulu.ee\/es\/","name":"Nulu","description":"","publisher":{"@id":"https:\/\/nulu.ee\/es\/#organization"},"potentialAction":[{"@type":"SearchAction","target":{"@type":"EntryPoint","urlTemplate":"https:\/\/nulu.ee\/es\/?s={search_term_string}"},"query-input":{"@type":"PropertyValueSpecification","valueRequired":true,"valueName":"search_term_string"}}],"inLanguage":"es"},{"@type":"Organization","@id":"https:\/\/nulu.ee\/es\/#organization","name":"Nulu","url":"https:\/\/nulu.ee\/es\/","logo":{"@type":"ImageObject","inLanguage":"es","@id":"https:\/\/nulu.ee\/es\/#\/schema\/logo\/image\/","url":"https:\/\/nulu.ee\/wp-content\/uploads\/2022\/09\/NULU-logo.png","contentUrl":"https:\/\/nulu.ee\/wp-content\/uploads\/2022\/09\/NULU-logo.png","width":150,"height":150,"caption":"Nulu"},"image":{"@id":"https:\/\/nulu.ee\/es\/#\/schema\/logo\/image\/"}}]}</script>
<!-- / Yoast SEO plugin. -->

Cubrepañal de lana orgánica - Nulu

Este cubrepañal de lana de cordero está fabricado con un tejido de lana muy especial y único en su estructura
